+ -6 + (-7 - 2).
2
What is 1 - (3 - 1 - (4 - 3))?
0
What is the value of 11 + (9 - 34) + 11?
-3
What is the value of 5 + -7 + 0 + (1 - 0)?
-1
Calculate (-14 - -10) + 7 + -8.
-5
What is the value of 10 + 4 + (6 - (15 - 3))?
8
12 - 0 - (-13 + (31 - 12))
6
What is -2 - 1 - (3 - (0 + 1))?
-5
Evaluate -1 + (-9 - -5) - -10.
5
Calculate 1 - (-3 + (3 - -5)).
-4
Calculate -4 - -12 - (-2 - -6).
4
Calculate 6 + (-1 - -1) + (-2 - -1).
5
-10 + (-15 - -8) + 6 + 2
-9
(-1 - (1 - 9)) + -1 + -2
4
What is -5 - (-5 + 1 + 3)?
-4
Evaluate -4 - (1 + -1) - -1.
-3
Calculate (-6 - (0 + -4)) + -1.
-3
What is the value of (2 - 5) + -2 + 0?
-5
Evaluate -5 + 1 + 10 + -5.
1
Evaluate 3 + (0 + 0 + -3 - 7).
-7
Calculate 8 + (6 - (-2 + 15)) + 3.
4
What is -5 + -11 + 12 + -5?
-9
Evaluate 2 + -5 + -1 - -6.
2
What is the value of -13 - -12 - (1 - -3)?
-5
What is the value of -1 - (1 - (-5 + 8) - 0)?
1
What is the value of 33 - 34 - (-5 + 1)?
3
25 + -12 - 9 - (-1 + 8)
-3
Calculate 2 + 1 + -4 + (18 - 10).
7
Calculate 5 + (-1 - (3 + -2)).
3
What is -6 - (-7 + 2) - -2?
1
What is 0 - (-9 + -6 + 12) - 6?
-3
Calculate 3 - ((-6 + 7 - 5) + 9).
-2
Evaluate -1 + (-1 - (-6 - -3)).
1
Evaluate -1 + 4 + -3 + 3.
3
Evaluate 4 + 2 + 2 + -5.
3
What is -2 - (-4 + 12) - -14?
4
Calculate (1 - -11) + 13 + -17 + -3.
5
What is the value of 2 + (2 - (6 + -3 + -1))?
2
What is the value of -2 + 1 - (19 - 20)?
0
Calculate 0 - -5 - (4 + (-3 - -2)).
2
What is the value of 0 - (-2 - 0) - (22 + -26)?
6
What is (-4 - (-6 + 4)) + 2?
0
Evaluate -6 - (-9 + 8 - 2).
-3
What is the value of 3 - (-5 - -4) - 1?
3
Evaluate 0 - ((2 - 2) + -3 + -1).
4
What is -5 + (-3 - -7) - (0 - -2)?
-3
What is the value of -7 - (10 + -15 + 3)?
-5
Calculate 3 - (3 + (-4 - -1) + -1).
4
What is -1 + -10 + 19 - (19 - 1)?
-10
What is the value of 6 - 2 - (9 - (-9 - -20))?
6
What is (-12 + 6 - -16) + -1 + -3?
6
4 - (9 - -7 - 1)
-11
What is the value of (-1 - -4) + -3 + -1 + -1?
-2
Calculate 8 + (-3 - 4) + 3.
4
Evaluate (6 - 1 - 0) + -5.
0
(5 - (2 - -2 - 1)) + -2
0
Evaluate (-4 - 2) + 2 - 1.
-5
What is (-1 - -11) + (-2 - 3)?
5
Calculate 3 - (-2 + (-4 - -12)).
-3
Calculate -11 - (0 - (2 + 3 - 0)).
-6
Calculate 16 - (3 - -4) - (-1 + 8).
2
What is the value of (-1 - (-11 + (-1 - -6))) + -3?
2
Calculate -16 - (-8 + 1) - 7 - -6.
-10
What is the value of 2 + -10 + 1 + 0 + 4?
-3
What is 3 + 0 - (-5 + 2)?
6
What is 4 + (8 - 8) + 2?
6
Evaluate -4 + 7 + (1 - 4) + 1.
1
Evaluate (-13 - -16) + (0 - 6).
-3
-5 + (-3 - -6) + -2
-4
Calculate -4 + 4 - (2 + (-3 - 2)).
3
What is -4 + (-2 - 7 - -9)?
-4
4 + -2 + -3 - -2
1
What is (-3 - -1) + 0 + -1 - -1?
-2
Calculate -11 + -1 - (15 + -16).
-11
What is the value of (1 - (-3 - -10)) + 9?
3
Evaluate -4 - (11 + -7 - -5 - 6).
-7
0 - (2 + 1) - (-64 - -65)
-4
Evaluate 7 - (2 - (4 - (-1 + 4))).
6
Evaluate 4 - -1 - (-5 - -8).
2
Calculate 5 + -8 + 5 + -10.
-8
What is the value of -1 - ((3 - 8) + 2) - -1?
3
What is 1 - (-3 - (-3 - -3 - 1))?
3
What is 2 + (-6 - -3) + 3?
2
Calculate 2 - (-6 + (2 - -1)).
5
Evaluate (3 - -4) + -2 - 10.
-5
Evaluate 71 + -78 - (1 - 1).
-7
Evaluate -5 + 9 + 0 + 2 + -8.
-2
What is the value of (12 - (1 + -4)) + -5?
10
What is the value of (-1 - -1) + (7 - 2 - 1)?
4
0 + (-6 - (-4 + 2))
-4
8 + -16 + 6 + (-1 - -5)
2
Evaluate (-4 - -3) + -4 + 9.
4
What is the value of -18 - -11 - (-1 + -3)?
-3
What is the value of (8 - 8) + (1 - -3)?
4
Evaluate (-8 + 9 - -5) + -6 + -3.
-3
What is (-1 - (-1 + 2)) + (7 - -1)?
6
Evaluate 5 + (1 + 7 - (19 + -4)).
-2
What is the value of 16 + -5 + -2 + -4?
5
11 + -7 + 2 - 2
4
What is -13 - ((4 - 2) + (-15 - -8))?
-8
Evaluate (10 - 4) + (-7 - -16) + -16.
-1
Evaluate 8 + -4 + -16 + 8.
-4
-11 + (20 - (-9 - -18))
0
What is the value of -8 + (-19 - -22) + 0 + 6?
1
What is (43 - 34) + -5 + 0?
4
What is (-11 - 0) + (-10 + 15 - -1)?
-5
Evaluate 2 + -1 + -3 + 5.
3
What is the value of (7 - (3 + -6)) + -14?
-4
Evaluate -35 - -33 - (2 - 0) - -4.
0
Calculate 5 + (-9 + 6 - -6) - 12.
-4
Calculate 0 + -3 + 0 + (-10 - -18).
5
Calculate 0 + 2 + (60 - 55).
7
-2 - (-6 - (-11 + 6 + 1))
0
2 + -4 + (4 - -2)
4
Evaluate -1 + 5 + -3 + 2.
3
What is the value of 8 - ((8 - -3) + -5)?
2
What is the value of (3 - -1) + 10 + -18?
-4
Calculate (2 - 0) + (26 - 25).
3
What is -2 - (4 - (0 + 1))?
-5
Calculate 1 + 9 - (-16 + 21).
5
What is -4 + (9 - (1 + -4))?
8
1 - (2 + (1 - 4)) - 0
2
Calculate 3 + -1 + -5 + 2.
-1
Evaluate -18 + (12 - -7) + (-2 - -1).
0
Calculate 0 + (-1 - (-6 + 2)).
3
What is (18 - 15) + -1 + -7 + 0?
-5
9 - ((-1 - -3) + 0) - 3
4
Evaluate 9 + -8 - (1 - 3).
3
What is the value of -7 + 2 + (7 - 4)?
-2
Calculate 5 + 1 + 2 + -2.
6
Calculate 3 + (-4 - (1 + -5 + 0)).
3
Evaluate 8 + (-7 - -5 - -1 - 4).
3
(-5 - -4) + (-1 - -8)
6
Evaluate (-32 - -29) + (0 - 2).
-5
What is the value of (-5 - -4 - -7) + 3 + -17?
-8
Calculate (4 - (5 + -2)) + 1.
2
What is -2 + (-6 - (6 + -12))?
-2
Evaluate -2 + (-3 - (-12 - -6)) + -2.
-1
0 + (-1 + 3 - (3 - 5))
4
What is 4 + (-1 + 3 - -2 - 10)?
-2
-7 - ((0 - 12) + 10)
-5
What is the value of 2 - (-3 + -1 + 9)?
-3
What is the value of -5 + 4 + 0 - 2?
-3
What is the value of -1 + (-6 - -5) - -5?
3
1 + 4 - (-8 - (-3 + -7))
3
What is 7 + (7 + -8 - 5) + 6?
7
-1 + -1 - (9 + -3 - 3)
-5
What is the value of -4 + 3 - (-4 - (4 - 4))?
3
What is the value of -1 - (3 - (4 + 2))?
2
What is the value of (15 - (-4 + 9 - -2)) + 1?
9
Calculate 8 + (-9 - (2 - 8)).
5
-4 - (2 - 6) - 4
-4
What is -10 + (0 - -15 - 6)?
-1
Calculate 4 - (14 + -5 - 6).
1
Evaluate (-16 - -12) + -3 + 4.
-3
Evaluate -4 + 1 + (82 - 73).
6
What is the value of (-1 - 0) + (51 - 58)?
-8
Evaluate -3 + 2 - (2 - -1).
-4
4 - 2 - (-1 - (2 - 7))
-2
What is -4 + 5 + -1 + (-3 - 0)?
-3
25 - 32 - (-2 - 0)
-5
0 - (-5 + 9 + -7)
3
What is the value of (4 + -1 + 0 - 0) + -6?
-3
What is 7 - (4 - 1) - 14 - -6?
-4
95 + -89 - (8 - 0 - 1)
-1
(5 - 2) + -3 + (-1 - 0)
-1
What is the value of (1 + 9 - (-2 + 8)) + 1?
5
Calculate -2 + -6 + (7 - -1).
0
Evaluate (0 - 1 - 2) + (-10 - -11).
-2
-8 + 5 - (-5 - 2)
4
What is the value of -5 + -1 + 45 + -35?
4
Evaluate (0 - 0) + -3 + 0 + -1.
-4
4 + (3 + -2 - 5) - -1
1
Calculate 5 - (-3 - -7) - (-1 - -3).
-1
-4 - 1 - (-13 - -21 - 8)
-5
What is -4 + (-1 - -2) + 2 - -8?
7
Calculate 8 + -5 + -4 - 4.
-5
What is the value of -3 - (-1 + 5 - 7)?
0
What is the value of -2 + 0 + (1 - (-1 + -5))?
5
0 + (-4 - (-4 + 0))
0
What is the value of 2 - (-2 + 4 - -1)?
-1
Calculate 9 + (-15 - (0 - 5)).
-1
What is the value of 0 - -1 - (-8 - -5)?
4
Calculate -4 + 5 + -3 + (5 - 0).
3
(9 - (-4 + 1 + 6)) + -11
-5
Calculate 2 - (2 + 1 + 0 + -4).
3
What is (50 - 48) + (0 - 2 - 5)?
-5
What is -8 - -1 - (-15 + 10)?
-2
What is -12 + 19 + -5 + -2?
0
What is the value of (-11 - (13 + -23)) + -8?
-9
-6 + (-6 - -6) - (-1 - 0)
-5
Calculate 2 - 3 - (7 + -4).
-4
Calculate -3 + 8 + -1 + -11 + -1.
-8
What is the value of (-27 - -30) + 6 + -1?
8
Calculate 2 + -13 + 25 + -18.
-4
Evaluate (67 - 65) + 1 + (0 - 0).
3
What is the value of -5 + -1 + 4 + 2 + -1?
-1
What is the value of -2 + (-6 - -14) + -12?
-6
0 - 2 - (4 - (-5 + 11))
0
2 - 6 - (-6 + 3 + -4)
3
Calculate (-6 - -10) + -16 - -7.
-5
What is the value of (-2 - (-4 + 4)) + 6 - 8?
-4
Evaluate 0 - 6 - -4 - -3 - -1.
2
What is the value of 1 + (-6 - -2) - -8?
5
What is the value of -3 - 1 - (2 + -3)?
-3
Evaluate 13 - (6 - 2 - -5).
4
Calculate (1 - -1) + 43 + -39.
6
Evaluate -8 + (5 - 2) + 6.
1
6 - 8 - (-4 - -2)
0
Evaluate (-4 - 1) + 8 + -1.
2
5 + (-6 - 0) + 5
4
Evaluate (-2 - -1) + 11 + -11.
-1
Evaluate 0 - 5 - (-10 - 1) - -5.
11
Calculate 1 + 0 - (26 + -27).
2
(3 - -5) + -4 - (0 - 0)
4
Calculate 7 - (1 - (0 + -1)).
5
What is (-8 - -10) + 3 + -9?
-4
Calculate -1 + 0 + 3 + -7 + 0.
-5
What is 8 - (0 - -7) - (0 - 4)?
5
Calculate (-5 - -2) + 10 + -6.
1
-10 + 4 + 2 + (-2 - 1)
-7
Calculate 1 + (-1 + -2 - 0).
-2
What is the value of -1 - -8 - (7 + -4)?
4
Evaluate (3 - -2) + (1 - 3).
3
2 - 6 - (-7 - -8)
-5
-3 + (-12 + 6 - -14)
5
Calculate -13 + (-3 - -10) + 5.
-1
What is 0 - (0 - (2 - (1 - -1)))?
0
Evaluate -4 + 0 + 5 + -3 - 1.
-3
What is the value of 2 + -1 + 0 - (8 - 5)?
-2
What is the value of 10 + (-7 - (3 - 1))?
1
Calculate (-7 + 2 - -4) + -3 + 7.
3
What is 0 + (3 + (-1 - 3) - 1)?
-2
1 + -16 + (-121 - -133)
-3
Evaluate (-5 - -8) + 1 + 3 - 3.
4
Evaluate 6 + -7 + 5 + -4.
0
-2 - 4 - (-13 - -11)
-4